) = -f**3 - 14*f**2 - 74*f + 1. Let i = 230 - 241. What are the prime factors of a(i)?
2, 113
What are the prime factors of (-86058)/(5 + -11) - 2?
14341
Let q(h) be the third derivative of -h**6/120 + h**5/20 - h**4/12 + h**3 - 8*h**2. Let b be q(3). Suppose x + 39 - 56 = b. What are the prime factors of x?
17
Let l = 26798 + -19781. What are the prime factors of l?
3, 2339
Let b = -47 - -76. Let n(z) = -2*z + 55. Let l be n(b). What are the prime factors of (l + (-280)/25)*-5?
71
Suppose 49 = 19*a + 11. Suppose 772 = a*b + 5*d, 2*d - 5*d = -3*b + 1116. What are the prime factors of b?
2, 47
Suppose 10*r + 13 - 43 = 0. Let o be 3/(1/(-3)*r). What are the prime factors of (-1)/o + -1 + 1118/39?
2, 7
Let u(o) = 754*o - 83. Let l be u(2). Let h = l - 752. List the prime factors of h.
673
Suppose -2 - 8 = -2*z. Let d(p) = 35*p + 32. List the prime factors of d(z).
3, 23
Let n(r) = 75*r - 93. Let z be n(39). Suppose -f - f + z = -l, 5*f = -5*l + 7065. List the prime factors of f.
5, 283
Let d(q) = 2*q**2 - 3*q - 39. Let n be d(-4). Let i be ((-2)/(-2) - 1)/(-1). List the prime factors of 150 + (i + n)*1.
5, 31
Let l be (16/(-32))/(1/(-796)). Let c = 884 - l. What are the prime factors of c?
2, 3
Let y be ((0 - 1)/3)/(11/(-5412)). Let f = y + 321. What are the prime factors of f?
5, 97
Let c(v) = -v**3 + 9*v**2 + 5*v - 15. Let m be (-144)/(-15) - (-6)/(-10). Let s be c(m). Suppose y = 5*k - 4*k - s, k + 2*y = 42. List the prime factors of k.
2, 17
Let b be ((-15 + 1)*2)/(4/(-74)). Let g = 881 - b. Suppose 39 = 3*r - g. What are the prime factors of r?
2, 67
Suppose -64*x + 227684 + 141306 = -71778. List the prime factors of x.
71, 97
Let g = -17 - -17. Suppose -4*k = -g*k, 4*h + 8 = 5*k. What are the prime factors of h/(-8) - (-917)/28?
3, 11
Suppose 27*w = 16*w + 56048 + 45526. What are the prime factors of w?
2, 3, 19
Let v(o) = o**2 - 7*o + 6. Let f be v(2). List the prime factors of (38/(-57))/(f/3222).
3, 179
Let t be (-911846)/714 + (-4)/(-42). Let c = -725 - t. What are the prime factors of c?
2, 3, 23
Suppose 92*v = -17*v + 1013373. List the prime factors of v.
3, 1033
Let w be ((-5280)/(-4))/(-6) - -3. Let u = 411 + w. What are the prime factors of u?
2, 97
Suppose w - 1073 = -3*f - 2*f, -w + 1123 = -5*f. Let k = w + -522. Suppose 0*q + k = 8*q. List the prime factors of q.
2, 3
Let p(a) be the first derivative of 0*a - a**3 - 15 + 173/4*a**4 + 1/2*a**2. What are the prime factors of p(1)?
3, 19
Let w(k) = 297*k - 38. Let r be w(5). Let f = 418 + r. List the prime factors of f.
5, 373
Let n = 1051 - 745. Suppose 2*m + 4*a = -n + 1254, m - 5*a = 509. List the prime factors of m.
2, 11
Let b(o) = 10*o**2 - 72*o + 1111. List the prime factors of b(17).
2777
Let k be -2 + (-80)/(-6)*282/(-4). Let i = -664 - k. List the prime factors of i.
2, 139
List the prime factors of 869 + 1 + -1 + -7.
2, 431
Let n be (25/10)/5*120. Let m = n - 27. Suppose 4*d = 241 - m. What are the prime factors of d?
2, 13
Let p(t) = -t**3 + 23*t**2 + 25*t - 10. Let g be p(24). Let w(q) = q - 14. Let i be w(g). Suppose 6*b - 7*b + 103 = i. What are the prime factors of b?
103
Let s be (2*21/(-6))/(1/(-3)). List the prime factors of 371 + 36/s + (-2)/(-7).
373
Let c(m) = 128*m + 111. Let x(l) = 254*l + 224. Let o(d) = 5*c(d) - 3*x(d). List the prime factors of o(-8).
859
Let q = 464 + -784. Let s = q - -163. Let y = -110 - s. List the prime factors of y.
47
Let t = -182 + 187. Suppose 10 = 2*k, 2*y = t*k - 325 + 1124. List the prime factors of y.
2, 103
Let z(t) = 4097*t**2 - 143*t - 564. List the prime factors of z(-4).
2, 5, 11, 149
Let p be 206/30 + 14/105. Let v(b) = -2*b**3 + 2*b**3 + 10 - b**3 + 8*b**2 + 0*b**2 - 2*b. List the prime factors of v(p).
3, 5
Let c be (115/(-20))/(2/8). Let i = -19 - c. Suppose g = 2*p - i*p + 3, 2*g = 4*p - 10. List the prime factors of p.
2
Suppose -27707 + 167563 = 16*c. What are the prime factors of c?
8741
Suppose 435 - 1839 = -13*x. Suppose 101*a - x*a = -4963. List the prime factors of a.
709
Let w = 11990 - -76779. List the prime factors of w.
29, 3061
Let k = 7170 + 4387. List the prime factors of k.
7, 13, 127
Suppose -4*c + 3*m + 9555 = 0, -3*c = -3*m - 2371 - 4796. What are the prime factors of c?
2, 3, 199
Suppose 0 = -t - 5*r, -4*t + 2*r - 5*r + 17 = 0. Suppose -4*w + 139 = -5*z + 4*z, 167 = t*w + z. Suppose -12*o = -11*o - w. List the prime factors of o.
2, 17
Let f(d) = -d + 9. Let s be f(7). Let g(k) = 201*k**2 - 18*k + 39. What are the prime factors of g(s)?
3, 269
Let g = -481 + 481. Suppose g = 2*t - 2*f - 738, 2*t = -5*f + 274 + 485. List the prime factors of t.
2, 3, 31
Let f(h) = 1516*h**2 - 18*h - 16. List the prime factors of f(-1).
2, 3, 11, 23
Let n = -18019 - -29137. What are the prime factors of n?
2, 3, 17, 109
Let s(l) = -1752*l - 152. What are the prime factors of s(-19)?
2, 19, 109
Suppose -154*g - 1978218 = -187*g. List the prime factors of g.
2, 3, 97, 103
Let o(j) = 4*j + 33. Let r be o(-8). What are the prime factors of ((-300)/r)/(12/(-8))?
2, 5
Let x(z) = z**3 - 11*z**2 + 6*z + 25. Let b be x(10). Let c = b + 16. List the prime factors of (-36 - c)/(10/4 - 3).
2, 37
Let v = 19 + -17. Suppose y = -2*y + 3*f + 1065, v*y - 704 = -4*f. Suppose -42*s = -40*s - y. What are the prime factors of s?
3, 59
Suppose 7*b - 4 = 3*b. Suppose 4*x = z - b, -4*z - 3 + 7 = -3*x. Suppose -3*r + 10 + 5 = x. What are the prime factors of r?
5
Let c = -477 + 63. List the prime factors of (c/(-8))/((1386/560)/33).
2, 3, 5, 23
Let s(k) = -k**3 + 12*k**2 - 9*k - 27. Let o = 215 + -206. What are the prime factors of s(o)?
3, 5
Let x be -3*((-640)/(-12))/(-1). Suppose 0*p - 4*p + x = 0. Suppose 2*z - 24 = -2*a + p, 89 = 2*z - 3*a. List the prime factors of z.
37
Let i be (-1 + 1)*(-4)/((-8)/2). Suppose 4*s - 1 = 5*g + 5, i = 5*s - 20. Suppose -2*d = g*d - 108. List the prime factors of d.
3
Suppose -26390 = -32*x + 84170. What are the prime factors of x?
5, 691
Let l = 27712 + 48481. List the prime factors of l.
13, 5861
Suppose -7*m - 3*n + 11 = -3*m, -5*m = 2*n - 5. Let f(x) = -2*x**2 + 2*x + 1. Let s be f(m). Let c = 53 + s. List the prime factors of c.
2, 5
Suppose -9*g = -44656 - 22160. List the prime factors of g.
2, 29
Suppose 0 = 36*g - 21528 + 4320. Let r = -9 - -49. Suppose -3*o - r = -g. List the prime factors of o.
2, 73
Let d(p) be the second derivative of -p**4/6 + p**3 + p**2/2 - 6*p. Let o be d(11). List the prime factors of ((-16)/(-10) + (-7 - -5))*o.
2, 5, 7
Suppose 26*p = 12624 + 272076. List the prime factors of p.
2, 3, 5, 73
Let w(i) be the second derivative of -3*i**5/4 - i**4/6 + 4*i**3/3 + 3*i**2/2 + 2*i + 60. What are the prime factors of w(-3)?
2, 3, 61
Let o be ((-1)/4 - 0) + 459/108. Let y be 1341/18 - 2/o*-1. Suppose -2*j + y = -137. List the prime factors of j.
2, 53
Let t be 4 - (-1 - -2)*13/(-13). Suppose -2*i = -2 - 8. Suppose i = h, -3*y = -t*y + 3*h + 231. What are the prime factors of y?
3, 41
Let z(o) = -5*o + 24 - 26 + 2*o**2 + 8*o**2 + o**3. List the prime factors of z(-10).
2, 3
Let n = -107 - -118. Suppose 5800 = n*w - 7741. Suppose -5*g + 6*u - 3*u = -w, u - 488 = -2*g. List the prime factors of g.
5, 7
Let t(r) = -3*r - 18. Let w be t(-8). Suppose -w*h = -9*h + 111. Let p = h - -34. List the prime factors of p.
71
Suppose 0 = -6*z + 3*z + 48. Suppose -z*d = -11*d. Suppose d = 2*n + 2*u - 26, -2*u + 4*u - 38 = -3*n. List the prime factors of n.
2, 3
Let q = 921 + -635. Suppose -2*g + 3*t + 191 = 0, 0*t + 5*t + q = 3*g. What are the prime factors of g?
97
Let m(u) = -2813*u + 796. List the prime factors of m(-3).
5, 1847
Let d(w) = 6*w - 16. Let l be d(5). Let g be 14*l/8 + 1/2. Let t = -16 + g. What are the prime factors of t?
3
Let j(m) = 15*m**2 + 5*m - 1. Let u be j(2). Suppose -u*f + 1677 = -66*f. What are the prime factors of f?
13, 43
What are the prime factors of (((-9)/21)/(8/53732))/(2/(-8))?
2, 3, 19, 101
Let i = 83758 - 44544. List the prime factors of i.
2, 7, 2801
Let j = 271 - 271. Suppose -g + 1564 = 2*b, 4*b - 9*g + 5*g - 3128 = j. List the prime factors of b.
2, 17, 23
What are the prime factors of (((-1842)/16)/((-81)/(-54)))/(6/(-552))?
23, 307
Let g(m) = -13*m**3 - 13*m**2 + 2*m + 4. Let r be g(-3). Suppose 0*a + 4*a = 8. Suppose -a*q + 0*q = -r. What are th